(n) = n**2 - 4*n + 10. Let z be y(-13). Calculate the greatest common divisor of z and 21.
21
Let v(c) = 35*c**2. Let p be v(-1). Calculate the greatest common divisor of p and 7.
7
Let n = -18 + 13. Let f be (-2)/n - (-26)/10. Suppose -10*i + 4 = -6. Calculate the greatest common factor of f and i.
1
Let r(t) = -t**2 - 2*t - 1. Let n be r(-1). Let j(a) = -a**2 + 7. Let x be j(n). Let f = 200 + -137. What is the highest common divisor of f and x?
7
Suppose -z + 6 = p, -4*p - 4 - 4 = -4*z. Let i(y) = 3*y**3 + 3*y**2 - 2*y + 3. Let t be i(p). Let v = t - 20. What is the greatest common divisor of v and 5?
5
Let q be 2/(-11) - (-237)/33. Suppose 4*k = 2*y - 28, q = y - k - 6. Calculate the greatest common factor of 8 and y.
4
Let k be (-3*(-5)/(-2))/(3/(-32)). What is the highest common divisor of k and 10?
10
Suppose y - 852 = -3*y. Suppose 59 - y = -2*g. Calculate the greatest common divisor of 11 and g.
11
Let q(l) = l**2 - 5*l + 8. Let m be q(7). What is the greatest common factor of m and 55?
11
Suppose 2*g = 3*n + 43, -3*g + 3*n = -0*n - 57. Let h = -6 + 9. Let c be 6*4/h + -1. What is the greatest common factor of c and g?
7
Let u(r) = r**2 - 6*r + 5. Let m be u(9). Suppose -2*x + m = -2. What is the greatest common factor of 51 and x?
17
Suppose u + 8 = j, 2*j - 3*u - 26 = -7. Let y(l) = -l**3 + 4*l**2 + 6*l - 2. Let n be y(j). What is the greatest common factor of n and 21?
3
Let m(k) = -k**3 - k**2 - 1. Let o be m(-2). What is the greatest common divisor of 12 and o?
3
Suppose 0 = -4*z - 5*b + 98 + 25, 3*z - 5*b - 101 = 0. Calculate the highest common factor of z and 8.
8
Suppose 5*v - 3*v = -10, 20 = -f - 5*v. Let d be 3/(6/64) + 1. Suppose c = -f*w - c + d, 0 = c - 4. Calculate the highest common divisor of 15 and w.
5
Let r = 18 + -13. Let m be (-1)/((15/(-9))/r). Calculate the highest common divisor of 2 and m.
1
Let c(q) = 2*q + 4. Let y be c(7). What is the highest common factor of y and 45?
9
Let g = 436 - 308. Let j = 15 + 1. Calculate the highest common factor of j and g.
16
Let l be 17/3 + 11/33. Let k(w) = w**3 - 5*w**2 - 3*w + 3. Let s be k(l). Calculate the greatest common factor of s and 84.
21
Suppose -104 = -4*v - b + 3*b, v + 5*b = 48. Suppose 0 = w - 0*w - 4. Calculate the highest common factor of w and v.
4
Suppose 0*r + 145 = 3*h - 5*r, -2*h - r = -75. Let x = h - 22. What is the greatest common factor of 144 and x?
18
Let u be 0/(-1) + 1 + -2. Let w = 25 + u. What is the highest common divisor of w and 60?
12
Let t(q) = 9*q**2 - 7*q + 2. Let h be t(-7). Suppose -5*i - 3*r + h = 0, -4*i - 206 = r - 601. What is the highest common divisor of i and 9?
9
Suppose 0 - 6 = 2*n - 4*b, 0 = -4*n - b + 24. Suppose -16 = -n*m + m. Calculate the greatest common factor of 4 and m.
4
Let x(l) = -64*l + 1. Let w be x(-1). Let d = 15 - 21. Let p(z) = -4*z + 2. Let o be p(d). What is the greatest common factor of o and w?
13
Let k(s) = -s**3 - 7*s**2 - 5*s - 6. Let j be k(-7). Let v(i) = -4*i - 11. Let q be v(-8). Let n = j - q. What is the greatest common factor of 8 and n?
8
Let r be -3 + (-4)/4 + 32. What is the greatest common divisor of r and 112?
28
Let i(x) = x**2 - 6*x - 12. Let t(u) = 2*u**2 + 2*u - 3. Let f be t(-3). Let w be i(f). What is the highest common divisor of 165 and w?
15
Suppose m - 4 = 15. Suppose 33 + m = 4*l. Let x be (-13)/2*(-1 - 9). What is the highest common factor of x and l?
13
Let g = -3 - -11. Let o(m) = m**2 - m - 15. Let z be o(0). Let p be (2 + -7)*168/z. What is the greatest common divisor of p and g?
8
Let l(m) = -15*m - 2. Let d be l(-1). What is the greatest common divisor of d and 130?
13
Suppose 0 = -2*m + 5*u + 9, m + 5*u = 6*m - 60. What is the greatest common divisor of m and 187?
17
Let k be (104/(-16))/(3/(-18)). What is the highest common divisor of 13 and k?
13
Suppose 0 = -t + 4 - 2. Suppose -t*x - 3 = -5*q + x, 19 = 5*q + x. Let b be 14*((-9)/(-3))/q. What is the highest common factor of b and 98?
14
Let o = -111 - -116. What is the greatest common divisor of o and 2?
1
Let h be 2/(4 + -1 + 4351/(-1463)). Calculate the highest common divisor of h and 7.
7
Suppose h = 3*b - 52, -2*b - 5*h + 18 = -11. What is the highest common divisor of b and 51?
17
Let f = 6 + -3. Suppose 0 = 4*a + f*d - 4, a = d - 2 + 3. Let u(o) = -o**2 + 7*o - 4. Let v be u(6). What is the highest common divisor of a and v?
1
Let j = 23 + -33. Let n be (-21)/35 + (-166)/j. Suppose 0 = 4*a - 2*h - 120, 2*a - h = h + 56. What is the greatest common factor of n and a?
16
Let l(r) = 3*r**2 - 14*r - 7. Let p be l(9). What is the greatest common factor of p and 44?
22
Let s be 2/7 - (-1448)/28. Let v = s - 10. Calculate the highest common divisor of 28 and v.
14
Suppose m - 3*n = 0, 3*m = 3*n - 6*n + 12. Let f(l) = 1 - 2 + l + l**m + 4. Let h be f(0). What is the greatest common factor of h and 12?
3
Suppose 3*l = -l - 2*a + 70, -5*l + 95 = -5*a. What is the highest common divisor of l and 9?
9
Let l(n) = n + 16. Let j be l(15). Calculate the highest common factor of 248 and j.
31
Let g(j) = j**3 + 2*j**2 + j - 1. Let w be g(2). Let i(n) = 8*n + 11. Let v be i(22). What is the highest common divisor of v and w?
17
Suppose -8*y + 6 = -5*y. Calculate the highest common factor of 16 and y.
2
Let c = -4 - -9. Suppose 2*p - 3*p + 4*v + 24 = 0, c*p - 78 = -v. What is the highest common factor of p and 64?
16
Let t be 1/(-3) + 28/12. Let v be t + (4 - 3) + 17. Calculate the highest common factor of 20 and v.
20
Suppose 10 = j + o + 2*o, 62 = 4*j + o. Let d(r) = 1 - 5 + 42*r - 16*r + 6. Let p be d(3). What is the greatest common factor of j and p?
16
Suppose -a + 9 = r + 2*r, 3*a - 13 = -2*r. Let w(d) = 4*d**2 + 2*d**2 - 4*d**2 + 8*d - 4 - a*d**2. Let u be w(7). What is the greatest common factor of 3 and u?
3
Let a be 1 + 9 + -1*1. Let r be (-57)/11 - 6/(-33). Let p be ((-36)/(-20))/((-1)/r). What is the highest common factor of p and a?
9
Let q be (-16)/(-4) + 1746/3. Suppose 4*n - 382 = q. Let x(l) = -l**3 - 2*l**2 - 4*l + 1. Let a be x(-3). Calculate the highest common factor of a and n.
22
Let b = -31 - -58. Calculate the highest common divisor of 81 and b.
27
Let x(h) = 87*h - 5. Let k be x(3). Calculate the greatest common factor of 32 and k.
32
Suppose -3*u - 156 = -z, 51 = -4*z - 4*u + 723. Calculate the greatest common divisor of z and 30.
15
Let z = -2 + 16. Calculate the greatest common divisor of 126 and z.
14
Suppose l + 6 = -4. Let q be (-12)/15*l/1. Let b be q/10*(-35)/(-2). Calculate the highest common factor of 2 and b.
2
Let m be 206 + -1*2 + 1. Suppose h - m = -r, 0*h + 3*r = -h + 201. Let j = h - 64. Calculate the highest common divisor of 13 and j.
13
Suppose 2*f - 4 = f. Suppose f*s = -4*z + 1204, 5*s - 397 = -z - 80. What is the greatest common factor of 27 and z?
27
Let a(s) = -s**3 + 10*s**2 - 12*s + 4. Let o be a(8). What is the greatest common divisor of o and 6?
6
Suppose 3*m - 4*m = 28. Let u be 8/m + 228/14. What is the greatest common factor of 64 and u?
16
Suppose -b - 8 = -5*b. Suppose -3*d - c - 2*c + 24 = 0, -4*c = 0. What is the greatest common divisor of b and d?
2
Suppose -c = -3*c + 54. Calculate the greatest common divisor of 189 and c.
27
Let v = 2 - 3. Let l be v/((3 - 1)/(-286)). Let o be 1/(-2)*(-31 + 5). Calculate the greatest common divisor of l and o.
13
Suppose 3*z + 2*z = -2*b + 14, -11 = z + 5*b. Suppose 2 = -2*i - z*u + 4, 1 = -i - 4*u. Suppose i*w = w + 44. What is the highest common divisor of 2 and w?
2
Let a(b) = 7*b**3 + 2*b**2 - 1. Let c be a(1). What is the greatest common factor of c and 48?
8
Suppose -c = -3*i + 122, 4*i - 2*c - 164 = -c. Suppose 0 = -5*u + 50 - 20. What is the highest common divisor of i and u?
6
Let b = 3 + 0. Let s be (-2)/6*b*-2. Suppose 332 = 3*z + 5*x, -z + s*x - 466 = -5*z. Calculate the highest common divisor of 17 and z.
17
Let l(b) = -b**2 + 43. Let t be l(0). Suppose 0*z - w = 2*z + 59, z + 28 = -w. Let n = z + t. Calculate the greatest common factor of n and 24.
12
Let k be (154/6)/((-1)/(-6)). Suppose -4*h - 3*u + 56 = -0*u, 0 = u. What is the highest common divisor of k and h?
14
Suppose 0*g - 5*g + b + 165 = 0, 2*b - 86 = -3*g. What is the greatest common factor of 48 and g?
16
Let d(v) = v**3 + 4*v**2 + v - 3. Let h be d(-3). Sup